 is x(k)?
-20
Let v(y) = y**2 + 5*y + 3. Let g be -2 - ((-1)/(-5) - (-21)/(-5)). Suppose s = -4*s + g*u, -2*s - 2*u = 14. Determine v(s).
-3
Let t(f) = 11*f**3 + 4*f**2 + 21*f - 21. Let q(x) = -15*x**3 - 5*x**2 - 29*x + 28. Let k(i) = -8*q(i) - 11*t(i). Determine k(-4).
3
Let d(s) = 6*s - 6. Let l be -6 + (5 - 3) - -29. Suppose 5*z - l = g, -2*g - 24 = -2*z - 6. Determine d(z).
18
Let b(p) be the third derivative of p**5/30 - p**4/6 + p**3/2 + 216*p**2. What is b(3)?
9
Let s(f) = -2*f**2 - 2*f - 2. Let m = -56 - -42. Let b be (m - -8)/(6*(-1)/(-4)). Calculate s(b).
-26
Let j(v) = 6*v - 2. Suppose -96*z + 537 = -39. What is j(z)?
34
Let r(f) = f**2 + 6*f + 3. Suppose -4 = -2*m - 4*a - 0, 3*m - 39 = 5*a. Let v(x) = -3*x + 22. Let w be v(m). What is r(w)?
-5
Let b be (10 - (5 + -2))/(-1). Let w = -5 - b. Let m(v) = -1 - 2*v - 4*v**w - 2*v - 1 - 2*v**3 + 0*v**2. Calculate m(-2).
6
Let u(w) be the first derivative of w**4/4 + 3*w**3 - 4*w**2 + 3*w + 566. Calculate u(-10).
-17
Let o(t) be the second derivative of t**3/6 - 7*t**2/2 - 3*t + 1. Determine o(-9).
-16
Let q(u) = 15*u - 11. Let f be q(1). Let g(t) = 2*t**2 - 6*t - 6. Give g(f).
2
Let d(o) = -o**2 + 2. Let p(w) = 14*w - 26. Let c be p(2). What is d(c)?
-2
Let t be (-30)/15*(2 - 241/120). Let v(l) be the third derivative of 0 + 3/8*l**4 + 0*l + 4*l**2 - t*l**5 - 1/3*l**3. Calculate v(6).
16
Let i(c) = -2*c - 7. Let x(k) = 3*k - 2*k + 11 - k + 2*k. Let d be x(-3). Calculate i(d).
-17
Let b(c) = -6*c + 16. Let v = 1211 - 1208. What is b(v)?
-2
Let f(y) = -4 + 4 - 2*y - 4. Determine f(2).
-8
Let i(m) = -66*m + 18. Let b(u) = 23*u - 6. Let d(s) = -11*b(s) - 4*i(s). Give d(4).
38
Let d(k) = -k**2 - 29*k + 7. Let h(i) = 5*i + 2. Let u(m) = d(m) + 6*h(m). Determine u(5).
-1
Let t(u) = -u**3 + 9*u**2 + 3*u - 10. Let b = -596 - -605. Calculate t(b).
17
Let h(l) = l**3 + 4*l**2 + 1. Let f(i) = -4*i**3 - 24*i**2 + 3*i - 8. Let m(d) = -f(d) - 3*h(d). Calculate m(-12).
41
Let y(s) be the first derivative of s**3/3 + 3*s**2 + 2*s - 248. Suppose 0 = -4*f - 4, -2*f + 11 = -2*v - 7*f. Give y(v).
-7
Let i(u) = u**3 - 3*u**2 + 4. Suppose -133*l + 143*l = 30. Calculate i(l).
4
Suppose -21 = -3*n - 4*n. Let o(f) = 62*f + 2*f**n - 54*f - f**3 - 7*f**2 - 5. Determine o(5).
-15
Let l(i) = -i**3 + 3*i. Let q(v) = 5*v**3 + 14*v**2 - 32*v + 14. Let g(c) = -6*l(c) - q(c). What is g(13)?
-1
Let w(n) = 7*n + 5. Let f = 49 - 54. Determine w(f).
-30
Let v be 3 + (-4)/4*4 + 4. Let g(k) = k**2 + 3 + 12 + v + 0*k**2. Give g(0).
18
Suppose -8*t + 388 = 284. Let r(m) = -m**3 + 12*m**2 + 13*m - 4. Calculate r(t).
-4
Let x be (-15)/(-6)*(-24)/(-30). Let c(p) = -1 - 2*p - 6*p - p + x*p. Determine c(2).
-15
Let s(c) = -c + 6. Suppose -o + 15 = 2*o. Suppose -j - j = -6, 5*j = o*z - 20. Give s(z).
-1
Let l(v) be the second derivative of -v**5/20 + v**3/3 + 79*v + 2. Give l(-2).
4
Suppose 31*x = 30*x + 6. Let n(z) = -z + 2. Let o be n(-3). Let g(u) = -2 - o + 3 + u + 2. What is g(x)?
4
Suppose -2*b - 3*b + 20 = 0. Suppose -5*v - 3 = -6*v. Let z(t) = -1 - 58*t**2 + 59*t**2 + t - v*t. Calculate z(b).
7
Let k(j) = 2*j**2 + 7*j - 7. Suppose -m = 5*m + 36. Give k(m).
23
Suppose 4*g + 5*l = -25, 7*g = 2*g - 5*l - 25. Let x(a) be the first derivative of 1 - 1/3*a**3 - 1/2*a**2 + 5*a. Give x(g).
5
Suppose -2*i + 17 = -3*n, i + 0*i = 5*n + 19. Let x = i - 2. Let g(q) be the first derivative of q**2/2 - 2*q + 1634. Give g(x).
0
Let u(b) = -b - 9. Let c(g) = 26*g**2 + 2*g. Let o be c(2). Suppose 0 = 12*h + 12 + o. Give u(h).
1
Let c(x) = -x**2 + 4*x - 6. Let p = -24 - -42. Suppose p*w - 17*w = 0. Suppose w = -2*o - 3*o + 25. Calculate c(o).
-11
Let i(v) = -v + 13. Let y be i(5). Let c(n) = -n**2 + 5*n**2 - y*n**2 + 3*n**2 + 3. Give c(3).
-6
Let a(r) = 4*r + 3. Let o(t) = -t - 1. Let u(k) = -a(k) - 3*o(k). Let m be (-1 - (-3)/15)*(-15)/2. Suppose z - m = -z. Give u(z).
-3
Let f(k) be the second derivative of -k**3/2 + 4*k**2 + 123*k. Calculate f(6).
-10
Let d(t) = -t**3 - 6*t**2 + 2*t. Let g be ((-26)/(-8) - -4)*4. Let r = g + -23. Suppose -m = -0 + r. Determine d(m).
-12
Let j(r) = 2 - 5 - 4*r + 4*r**2 + 5. Let u be 2 + (0 - (-6)/3). Suppose u*p = -4*m + 24, p - 2*p - 2*m + 10 = 0. Determine j(p).
10
Let d(a) = -a**2 + 2*a**2 - 52*a + 51*a - 4*a**3. Give d(1).
-4
Let l(t) = 102*t. Let y(q) = -37*q. Let p(b) = -4*l(b) - 11*y(b). Let i be (0 + -1 - -3)/(-1). Let h be i/1 + 15/(-3). Determine p(h).
7
Suppose 1 = -5*y - 5*j + 6, -3*y = -j + 13. Let u(h) be the first derivative of -h**4/4 - 2*h**3/3 - h**2/2 + h + 5598. Calculate u(y).
13
Let m(s) = s - 12. Suppose -n - 2*r + 13 = 0, -2*n + 3*r - 5 = -3. What is m(n)?
-7
Let c(h) be the first derivative of -h**4/24 + h**3/2 - h**2/2 - 1. Let a(z) be the second derivative of c(z). Let l be 0*(0 + (-1)/(-2)). Calculate a(l).
3
Let x(d) = d**2 + 8*d. Let k be x(-7). Let a(m) = m**2 + 8*m + 9. Let r be a(k). Let j(n) = -n**3 + 3*n**2 - 4*n + 2. Calculate j(r).
-2
Let w(h) = 9*h**3 - 5*h**2 + h - 2. Let f(d) = -16*d**3 + 10*d**2 - 2*d + 3. Let k(v) = -4*f(v) - 7*w(v). What is k(4)?
-10
Let p(d) = -4*d**2 + d + 1. Suppose n + 0*x - x = -5, -5*n + 11 = 4*x. Calculate p(n).
-4
Let b be 7/(-7) - 3*-1. Suppose 4*v + b = -2*s, 6 = 3*v + 4*s - 0*s. Let l(p) = 2*p + 5*p - 2*p - 6*p + 2. Determine l(v).
4
Let o = -3409 - -3414. Let i(f) = -4*f + 1. Let m(q) = -q - 1. Let k(d) = i(d) - 5*m(d). What is k(o)?
11
Let c(m) = -13 + 7*m + 175 - 62 - 4*m - 53. Give c(-16).
-1
Let y = -20 - -19. Let h(b) = -3*b - 2. Let f be h(y). Let a(u) = 9*u. Calculate a(f).
9
Let u(k) = 3 - k**3 - 6*k + 2*k**3 - 7*k**2 - 2*k**3. Let c be (-2)/(3/((-9)/6)). Suppose 5*v = -c - 29. Give u(v).
3
Let t(c) be the second derivative of c**5/20 - 3*c**4/4 - c**3/3 + 8*c**2 + 166*c + 2. Calculate t(9).
-2
Let s(l) = -l - 30. Suppose -o - 24 = -2*c, 3*o = -11*c + 14*c - 75. Give s(o).
-4
Suppose -3*b + 6*b = 6. Suppose 17 = 3*x - 5*d, b*d - 5 + 19 = 2*x. Let m(p) = 4 + 2 + x*p - 5 - 10*p. Give m(-5).
6
Suppose -t + 4*y + 4 = -2, 5*y = -10. Let a(m) be the third derivative of -m**5/10 - m**4/8 - m**3/3 + 4*m**2. Calculate a(t).
-20
Let b(i) be the second derivative of 1/12*i**4 + 4/3*i**3 + 0 + 2*i - i**2. Let v(z) = -2*z**2 - 9*z + 2. Let s(w) = -3*b(w) - 2*v(w). Determine s(5).
-3
Suppose 12*u = 7*u - 10. Let t(a) = a**3 - 14*a**2 + 15*a - 15. Let n be t(13). Let w(r) = n - 3*r - 11. Determine w(u).
6
Let i(s) be the first derivative of s**4/4 - 13*s**3/3 - 7*s**2 - 3*s - 39. Calculate i(14).
-3
Let n(l) be the second derivative of -l**3/2 + 2*l**2 + 24*l. What is n(4)?
-8
Let c(o) be the second derivative of -o**4/12 + 7*o**2 + 2*o. Let b be 6/12*-2 + 1. Calculate c(b).
14
Let q(d) = -6*d - 7. Let c(o) = -o**2 - 6*o - 1. Let n(s) = c(s) - q(s). Suppose -z + 5*z = 0. What is n(z)?
6
Let d(b) = -b**2 + 2*b - 1. Let f(p) = p**2 - p. Let o(w) = 4*d(w) + 3*f(w). Let k(u) = -u**2 - 7*u - 3. Let c be k(-6). What is o(c)?
2
Let p(v) = -v - 3. Let b(w) = -w - 14. Let s(j) = 3*b(j) - 15*p(j). Calculate s(-2).
-21
Let v(u) = u**3 - u**2 - u - 15. Suppose 2*s = 4, 28*z + 4*s = 31*z + 8. Calculate v(z).
-15
Let c(x) = -80*x - 1. Let i(z) = -72*z - 1. Let s(f) = 5*c(f) - 6*i(f). Give s(1).
33
Suppose 3*g - 2*f - 5 = -2*g, -2*f = 0. Let w(m) = 1 - 5*m + g - 11 + 3*m. Let t be (40/(-50))/((-1)/(-10)). Calculate w(t).
7
Let v(n) = 4*n - 6. Let h(y) be the second derivative of 3*y**3/2 - 13*y**2/2 + 6*y. Let m(f) = -3*h(f) + 7*v(f). Give m(7).
4
Let g(q) = q**2 + 8*q + 10. Let j(o) = -2*o - 30. Suppose 9*i - 4*i - 70 = 5*c, -5*i - 18 = 3*c. Let l be j(c). Determine g(l).
10
Let p(r) be the first derivative of -2*r**2 - 5*r - 67. Suppose 3*c - 16 = -4*g, 3*g = c + 3*c - 13. Suppose 3 = -d + o, -5*d - 2 = -c*o + 14. What is p(d)?
11
Let v(k) = -k - 25. Suppose 4*h - 69 - 7 = 0. Let u = 19 - h. Determine v(u).
-25
Let f(b) = -13*b**3 - b + 1. Suppose 4*i + 3 = 19. Suppose 6 = i*y - 6*y. Let s be y/6 + (-6)/(-4). Give f(s).
-13
Suppose 10*d - 14*d + 60 = 0. Let n(b) = -d*b - 2 + 23*b + 0*b**2 + b**3 + 2*b**2 - 10*b. Determine n(-3).
-5
Suppose g - 4 = -0*g. Let j(l) = -3*l**2 + 13*l - 5. Let p(d) = -13*d**2 + 57*d - 21. Let x(v) = -9*j(v) + 2*p(v). Give x(g).
7
Let o(i) = -i**3 + 0*i**3 - i**2 + 0 + 3 - i. Let y(p) = -2*p**2 + 11*p - 5. Let n be y(4). Let g = 